{"id":3366,"date":"2021-12-20T17:44:56","date_gmt":"2021-12-20T17:44:56","guid":{"rendered":"https:\/\/www.scherzoeditions.com\/webshop\/?post_type=product&#038;p=3366"},"modified":"2025-01-11T17:39:12","modified_gmt":"2025-01-11T17:39:12","slug":"bucolicae-for-violin-violoncello-and-piano-4-hands-paulo-bastos","status":"publish","type":"product","link":"https:\/\/www.scherzoeditions.com\/webshop\/shop\/bucolicae-for-violin-violoncello-and-piano-4-hands-paulo-bastos\/","title":{"rendered":"Bucolic\u00e6 for Violin, Violoncello and Piano 4 Hands  | <strong>Paulo Bastos<\/strong>"},"content":{"rendered":"<p>(Edition in French)<br \/>\nd\u00e9di\u00e9e \u00e0 Madame Sladana Zivkovic, adjointe au maire de Dijon, d\u00e9l\u00e9gu\u00e9e aux relations internationales, pr\u00e9sidente de l\u2019Office de Tourisme, vice-pr\u00e9sidente de Dijon-m\u00e9tropole<br \/>\n<strong>Duration: ca. 12&#8242; | Pages: 41 | Year: 2018<br \/>\nInstrumentation: Violin, Violoncello, Piano 4 Hands<\/strong><\/p>\n","protected":false},"excerpt":{"rendered":"<p>(Edition in French) d\u00e9di\u00e9e \u00e0 Madame Sladana Zivkovic, adjointe au maire de Dijon, d\u00e9l\u00e9gu\u00e9e aux relations internationales, pr\u00e9sidente de l\u2019Office de Tourisme, vice-pr\u00e9sidente de Dijon-m\u00e9tropole Duration: ca. 12&#8242; | Pages: 41 | Year: 2018 Instrumentation: Violin, Violoncello, Piano 4 Hands<\/p>\n","protected":false},"featured_media":3367,"comment_status":"open","ping_status":"closed","template":"","meta":{"_links_to":"","_links_to_target":""},"product_brand":[],"product_cat":[45,42],"product_tag":[],"class_list":{"0":"post-3366","1":"product","2":"type-product","3":"status-publish","4":"has-post-thumbnail","6":"product_cat-4-players","7":"product_cat-chamber-music","9":"first","10":"instock","11":"taxable","12":"shipping-taxable","13":"purchasable","14":"product-type-simple"},"_links":{"self":[{"href":"https:\/\/www.scherzoeditions.com\/webshop\/wp-json\/wp\/v2\/product\/3366","targetHints":{"allow":["GET"]}}],"collection":[{"href":"https:\/\/www.scherzoeditions.com\/webshop\/wp-json\/wp\/v2\/product"}],"about":[{"href":"https:\/\/www.scherzoeditions.com\/webshop\/wp-json\/wp\/v2\/types\/product"}],"replies":[{"embeddable":true,"href":"https:\/\/www.scherzoeditions.com\/webshop\/wp-json\/wp\/v2\/comments?post=3366"}],"wp:featuredmedia":[{"embeddable":true,"href":"https:\/\/www.scherzoeditions.com\/webshop\/wp-json\/wp\/v2\/media\/3367"}],"wp:attachment":[{"href":"https:\/\/www.scherzoeditions.com\/webshop\/wp-json\/wp\/v2\/media?parent=3366"}],"wp:term":[{"taxonomy":"product_brand","embeddable":true,"href":"https:\/\/www.scherzoeditions.com\/webshop\/wp-json\/wp\/v2\/product_brand?post=3366"},{"taxonomy":"product_cat","embeddable":true,"href":"https:\/\/www.scherzoeditions.com\/webshop\/wp-json\/wp\/v2\/product_cat?post=3366"},{"taxonomy":"product_tag","embeddable":true,"href":"https:\/\/www.scherzoeditions.com\/webshop\/wp-json\/wp\/v2\/product_tag?post=3366"}],"curies":[{"name":"wp","href":"https:\/\/api.w.org\/{rel}","templated":true}]}}