{"id":1887,"date":"2017-03-06T09:00:18","date_gmt":"2017-03-06T09:00:18","guid":{"rendered":"http:\/\/www.scherzoeditions.com\/webshop\/?post_type=product&#038;p=1887"},"modified":"2025-01-11T17:07:34","modified_gmt":"2025-01-11T17:07:34","slug":"instrepere-ii-para-voz-agudamedia-nuno-costa","status":"publish","type":"product","link":"https:\/\/www.scherzoeditions.com\/webshop\/shop\/instrepere-ii-para-voz-agudamedia-nuno-costa\/","title":{"rendered":"Instrepere II para Voz (Aguda\/M\u00e9dia) | Nuno Costa"},"content":{"rendered":"<h3>Instrepere II para Voz (Aguda\/M\u00e9dia)<\/h3>\n<h3>Dura\u00e7\u00e3o: ca. 3&#8242;<\/h3>\n<h3>Ano: 2017<\/h3>\n<p>&nbsp;<\/p>\n<h3>Instrepere II for Voice (High\/Medium)<\/h3>\n<h3>Duration: ca. 3&#8242;<\/h3>\n<h3>Year: 2017<\/h3>\n","protected":false},"excerpt":{"rendered":"<p>Instrepere II para Voz (Aguda\/M\u00e9dia) Dura\u00e7\u00e3o: ca. 3&#8242; Ano: 2017 &nbsp; Instrepere II for Voice (High\/Medium) Duration: ca. 3&#8242; Year: 2017<\/p>\n","protected":false},"featured_media":1888,"comment_status":"closed","ping_status":"closed","template":"","meta":{"_links_to":"","_links_to_target":""},"product_brand":[],"product_cat":[96,51],"product_tag":[],"class_list":{"0":"post-1887","1":"product","2":"type-product","3":"status-publish","4":"has-post-thumbnail","6":"product_cat-solo","7":"product_cat-voice","9":"first","10":"instock","11":"taxable","12":"shipping-taxable","13":"purchasable","14":"product-type-simple"},"_links":{"self":[{"href":"https:\/\/www.scherzoeditions.com\/webshop\/wp-json\/wp\/v2\/product\/1887","targetHints":{"allow":["GET"]}}],"collection":[{"href":"https:\/\/www.scherzoeditions.com\/webshop\/wp-json\/wp\/v2\/product"}],"about":[{"href":"https:\/\/www.scherzoeditions.com\/webshop\/wp-json\/wp\/v2\/types\/product"}],"replies":[{"embeddable":true,"href":"https:\/\/www.scherzoeditions.com\/webshop\/wp-json\/wp\/v2\/comments?post=1887"}],"wp:featuredmedia":[{"embeddable":true,"href":"https:\/\/www.scherzoeditions.com\/webshop\/wp-json\/wp\/v2\/media\/1888"}],"wp:attachment":[{"href":"https:\/\/www.scherzoeditions.com\/webshop\/wp-json\/wp\/v2\/media?parent=1887"}],"wp:term":[{"taxonomy":"product_brand","embeddable":true,"href":"https:\/\/www.scherzoeditions.com\/webshop\/wp-json\/wp\/v2\/product_brand?post=1887"},{"taxonomy":"product_cat","embeddable":true,"href":"https:\/\/www.scherzoeditions.com\/webshop\/wp-json\/wp\/v2\/product_cat?post=1887"},{"taxonomy":"product_tag","embeddable":true,"href":"https:\/\/www.scherzoeditions.com\/webshop\/wp-json\/wp\/v2\/product_tag?post=1887"}],"curies":[{"name":"wp","href":"https:\/\/api.w.org\/{rel}","templated":true}]}}