{"id":1185,"date":"2015-03-02T20:30:32","date_gmt":"2015-03-02T20:30:32","guid":{"rendered":"http:\/\/www.scherzoeditions.com\/webshop\/?post_type=product&#038;p=1185"},"modified":"2025-01-11T16:53:15","modified_gmt":"2025-01-11T16:53:15","slug":"etude-la-something-para-oboe-solo-luis-filipe-neto","status":"publish","type":"product","link":"http:\/\/www.scherzoeditions.com\/webshop\/shop\/etude-la-something-para-oboe-solo-luis-filipe-neto\/","title":{"rendered":"\u00c9tude, L\u00e1. Something para Obo\u00e9 solo | Lu\u00eds Filipe Neto"},"content":{"rendered":"<h3><em>\u00c9tude<\/em>, L\u00e1. Something. para Obo\u00e9 solo<\/h3>\n<h3>Dura\u00e7\u00e3o: ca. 3&#8242;<\/h3>\n<h3>Ano: 2015<\/h3>\n<p>&nbsp;<\/p>\n<h3><em>\u00c9tude<\/em>, L\u00e1. Something. for Oboe solo<\/h3>\n<h3>Duration: ca. 3&#8242;<\/h3>\n<h3>Year: 2015<\/h3>\n","protected":false},"excerpt":{"rendered":"<p>\u00c9tude, L\u00e1. Something. para Obo\u00e9 solo Dura\u00e7\u00e3o: ca. 3&#8242; Ano: 2015 &nbsp; \u00c9tude, L\u00e1. Something. for Oboe solo Duration: ca. 3&#8242; Year: 2015<\/p>\n","protected":false},"featured_media":1791,"comment_status":"closed","ping_status":"closed","template":"","meta":{"_links_to":"","_links_to_target":""},"product_brand":[],"product_cat":[48,46],"product_tag":[],"class_list":{"0":"post-1185","1":"product","2":"type-product","3":"status-publish","4":"has-post-thumbnail","6":"product_cat-oboe","7":"product_cat-woodwinds","9":"first","10":"instock","11":"taxable","12":"shipping-taxable","13":"purchasable","14":"product-type-simple"},"_links":{"self":[{"href":"http:\/\/www.scherzoeditions.com\/webshop\/wp-json\/wp\/v2\/product\/1185","targetHints":{"allow":["GET"]}}],"collection":[{"href":"http:\/\/www.scherzoeditions.com\/webshop\/wp-json\/wp\/v2\/product"}],"about":[{"href":"http:\/\/www.scherzoeditions.com\/webshop\/wp-json\/wp\/v2\/types\/product"}],"replies":[{"embeddable":true,"href":"http:\/\/www.scherzoeditions.com\/webshop\/wp-json\/wp\/v2\/comments?post=1185"}],"wp:featuredmedia":[{"embeddable":true,"href":"http:\/\/www.scherzoeditions.com\/webshop\/wp-json\/wp\/v2\/media\/1791"}],"wp:attachment":[{"href":"http:\/\/www.scherzoeditions.com\/webshop\/wp-json\/wp\/v2\/media?parent=1185"}],"wp:term":[{"taxonomy":"product_brand","embeddable":true,"href":"http:\/\/www.scherzoeditions.com\/webshop\/wp-json\/wp\/v2\/product_brand?post=1185"},{"taxonomy":"product_cat","embeddable":true,"href":"http:\/\/www.scherzoeditions.com\/webshop\/wp-json\/wp\/v2\/product_cat?post=1185"},{"taxonomy":"product_tag","embeddable":true,"href":"http:\/\/www.scherzoeditions.com\/webshop\/wp-json\/wp\/v2\/product_tag?post=1185"}],"curies":[{"name":"wp","href":"https:\/\/api.w.org\/{rel}","templated":true}]}}